{"id":1532,"date":"2026-03-02T17:46:07","date_gmt":"2026-03-02T17:46:07","guid":{"rendered":"https:\/\/humanenvironments.org\/sapphires\/?page_id=1532"},"modified":"2026-03-30T20:31:34","modified_gmt":"2026-03-30T20:31:34","slug":"estudio-sobre-aire-limpio","status":"publish","type":"page","link":"https:\/\/humanenvironments.org\/sapphires\/estudio-sobre-aire-limpio\/","title":{"rendered":"Estudio sobre aire limpio"},"content":{"rendered":"<p>[et_pb_section fb_built=&#8221;1&#8243; _builder_version=&#8221;4.27.6&#8243; background_enable_color=&#8221;off&#8221; background_image=&#8221;https:\/\/humanenvironments.org\/sapphires\/wp-content\/uploads\/2026\/02\/hero_spanish.png&#8221; min_height=&#8221;309px&#8221; custom_margin=&#8221;0px|0px|31px|0px|false|true&#8221; custom_padding=&#8221;112px|0px|112px|0px|true|true&#8221; filter_brightness=&#8221;96%&#8221; filter_contrast=&#8221;94%&#8221; filter_opacity=&#8221;82%&#8221; bottom_divider_style=&#8221;ramp2&#8243; bottom_divider_color=&#8221;#FFFFFF&#8221; bottom_divider_height=&#8221;69px&#8221; bottom_divider_flip=&#8221;horizontal&#8221; global_colors_info=&#8221;{}&#8221;][et_pb_row custom_padding_last_edited=&#8221;on|phone&#8221; _builder_version=&#8221;4.27.0&#8243; background_enable_color=&#8221;off&#8221; width=&#8221;85%&#8221; width_tablet=&#8221;100%&#8221; width_phone=&#8221;100%&#8221; width_last_edited=&#8221;on|tablet&#8221; module_alignment=&#8221;center&#8221; min_height=&#8221;190px&#8221; min_height_tablet=&#8221;190px&#8221; min_height_phone=&#8221;190px&#8221; min_height_last_edited=&#8221;on|desktop&#8221; height_tablet=&#8221;&#8221; height_phone=&#8221;&#8221; height_last_edited=&#8221;on|desktop&#8221; custom_margin=&#8221;-31px|314px||auto||&#8221; custom_margin_tablet=&#8221;-31px|auto||auto||&#8221; custom_margin_phone=&#8221;-31px|auto|-41px|auto|false|false&#8221; custom_margin_last_edited=&#8221;on|phone&#8221; custom_padding=&#8221;|0px||35px|false|false&#8221; custom_padding_tablet=&#8221;|||50px|false|false&#8221; custom_padding_phone=&#8221;|||42px|false|false&#8221; module_alignment_tablet=&#8221;left&#8221; module_alignment_phone=&#8221;left&#8221; module_alignment_last_edited=&#8221;on|phone&#8221; global_colors_info=&#8221;{}&#8221;][et_pb_column type=&#8221;4_4&#8243; _builder_version=&#8221;4.16&#8243; global_colors_info=&#8221;{}&#8221;][et_pb_button button_url=&#8221;@ET-DC@eyJkeW5hbWljIjp0cnVlLCJjb250ZW50IjoicG9zdF9saW5rX3VybF9wYWdlIiwic2V0dGluZ3MiOnsicG9zdF9pZCI6IjE0MzgifX0=@&#8221; button_text=&#8221;VIEW ENGLISH&#8221; _builder_version=&#8221;4.27.6&#8243; _dynamic_attributes=&#8221;button_url&#8221; _module_preset=&#8221;default&#8221; custom_button=&#8221;on&#8221; button_text_color=&#8221;#000000&#8243; button_bg_color=&#8221;#F4BB00&#8243; button_font=&#8221;|700|||||||&#8221; transform_translate=&#8221;-4px|180px&#8221; global_colors_info=&#8221;{}&#8221;][\/et_pb_button][\/et_pb_column][\/et_pb_row][\/et_pb_section][et_pb_section fb_built=&#8221;1&#8243; _builder_version=&#8221;4.23.1&#8243; background_color=&#8221;RGBA(255,255,255,0)&#8221; custom_padding=&#8221;1px||1px||false|false&#8221; top_divider_color=&#8221;#7030a0&#8243; top_divider_height=&#8221;31px&#8221; global_colors_info=&#8221;{}&#8221;][et_pb_row _builder_version=&#8221;4.26.1&#8243; _module_preset=&#8221;default&#8221; custom_padding=&#8221;|0px|3px|0px|false|true&#8221; global_colors_info=&#8221;{}&#8221;][et_pb_column type=&#8221;4_4&#8243; _builder_version=&#8221;4.26.1&#8243; _module_preset=&#8221;default&#8221; global_colors_info=&#8221;{}&#8221;][et_pb_text _builder_version=&#8221;4.27.6&#8243; _module_preset=&#8221;default&#8221; header_font=&#8221;||||||||&#8221; header_line_height=&#8221;1.3em&#8221; header_3_line_height=&#8221;1.2em&#8221; global_colors_info=&#8221;{}&#8221;]<\/p>\n<h1><strong>Investigadores de Colorado State University <\/strong> <span style=\"color: #606060;\">est\u00e1n explorando formas de mantener el aire limpio dentro de los hogares, especialmente cuando la calidad del aire exterior se ve afectada por el humo. <\/span><\/h1>\n<h1><strong><\/strong><\/h1>\n<h1><strong>Necesitamos su ayuda.<\/strong><\/h1>\n<p>[\/et_pb_text][\/et_pb_column][\/et_pb_row][et_pb_row column_structure=&#8221;1_2,1_2&#8243; _builder_version=&#8221;4.26.1&#8243; _module_preset=&#8221;default&#8221; custom_margin=&#8221;||||false|true&#8221; custom_padding=&#8221;|0px||0px|false|true&#8221; global_colors_info=&#8221;{}&#8221;][et_pb_column type=&#8221;1_2&#8243; _builder_version=&#8221;4.26.1&#8243; _module_preset=&#8221;default&#8221; global_colors_info=&#8221;{}&#8221;][et_pb_text _builder_version=&#8221;4.27.6&#8243; _module_preset=&#8221;default&#8221; text_font_size=&#8221;16px&#8221; header_font=&#8221;|700|||||||&#8221; header_3_font=&#8221;|700||on|||||&#8221; header_3_font_size=&#8221;26px&#8221; header_3_line_height=&#8221;-2.3em&#8221; custom_padding=&#8221;18px||0px|0px|false|false&#8221; global_colors_info=&#8221;{}&#8221;]<\/p>\n<h3><span style=\"font-size: large;\"><strong>ESTAMOS PROBANDO NUEVOS DISPOSITIVOS QUE AYUDAN A EVITAR QUE EL AIRE EXTERIOR DA\u00d1INO, COMO EL HUMO DE INCENDIOS FORESTALES, ENTRE A LOS HOGARES.<\/strong> <\/span><\/h3>\n<p>Estos dispositivos monitorean el aire interior, el aire exterior y el funcionamiento de la vivienda. Con base en esa informaci\u00f3n, pueden realizar ajustes autom\u00e1ticos o darle opciones sobre cu\u00e1ndo introducir aire limpio para mantener seguras a las personas dentro del hogar.<\/p>\n<p>Como parte del estudio, tambi\u00e9n estamos evaluando c\u00f3mo los purificadores de aire port\u00e1tiles pueden mejorar la calidad del aire interior.[\/et_pb_text][et_pb_button button_url=&#8221;https:\/\/form.jotform.com\/260834221767156&#8243; button_text=&#8221;INSCR\u00cdBASE PARA PARTICIPAR&#8221; button_alignment=&#8221;center&#8221; _builder_version=&#8221;4.27.6&#8243; _module_preset=&#8221;default&#8221; custom_button=&#8221;on&#8221; button_text_size=&#8221;22px&#8221; button_text_color=&#8221;#FFFFFF&#8221; button_bg_color=&#8221;gcid-primary-color&#8221; button_border_radius=&#8221;20px&#8221; button_font=&#8221;|700|||||||&#8221; custom_padding=&#8221;|55px||55px|false|true&#8221; hover_enabled=&#8221;0&#8243; global_colors_info=&#8221;{%22gcid-primary-color%22:%91%22button_bg_color%22%93}&#8221; sticky_enabled=&#8221;0&#8243;][\/et_pb_button][\/et_pb_column][et_pb_column type=&#8221;1_2&#8243; _builder_version=&#8221;4.26.1&#8243; _module_preset=&#8221;default&#8221; global_colors_info=&#8221;{}&#8221;][et_pb_number_counter title=&#8221;Estamos buscando 20 hogares de menos de 2,000 pies cuadrados, con calefacci\u00f3n central, sin fumadores y con calidad del aire ocasionalmente deficiente, para participar en nuestro estudio.&#8221; number=&#8221;20&#8243; percent_sign=&#8221;off&#8221; _builder_version=&#8221;4.27.4&#8243; _module_preset=&#8221;default&#8221; title_text_color=&#8221;#FFFFFF&#8221; title_line_height=&#8221;1.2em&#8221; number_font=&#8221;&#8211;et_global_heading_font|800|||||||&#8221; number_text_color=&#8221;#FFFFFF&#8221; number_font_size=&#8221;60px&#8221; number_line_height=&#8221;75px&#8221; background_color=&#8221;gcid-primary-color&#8221; background_layout=&#8221;dark&#8221; custom_margin=&#8221;3px||3px||true|false&#8221; custom_padding=&#8221;50px|10px|50px|10px|true|true&#8221; border_radii=&#8221;on|30px|30px|30px|30px&#8221; global_colors_info=&#8221;{%22gcid-primary-color%22:%91%22background_color%22%93}&#8221;][\/et_pb_number_counter][\/et_pb_column][\/et_pb_row][et_pb_row column_structure=&#8221;2_5,3_5&#8243; make_equal=&#8221;on&#8221; custom_padding_last_edited=&#8221;on|phone&#8221; _builder_version=&#8221;4.26.1&#8243; _module_preset=&#8221;default&#8221; background_color=&#8221;#DF9558&#8243; background_image=&#8221;https:\/\/humanenvironments.org\/sapphires\/wp-content\/uploads\/2022\/10\/Smoke_Over_Houses156742163_l-scaled.jpg&#8221; width=&#8221;100%&#8221; max_width=&#8221;2560px&#8221; custom_margin=&#8221;||||false&#8221; custom_margin_tablet=&#8221;||||false&#8221; custom_margin_phone=&#8221;0px||||false|false&#8221; custom_margin_last_edited=&#8221;on|phone&#8221; custom_padding=&#8221;40px|75px|40px|138px|true|false&#8221; custom_padding_tablet=&#8221;|43px||43px|true|true&#8221; custom_padding_phone=&#8221;0px||||false|true&#8221; global_colors_info=&#8221;{}&#8221;][et_pb_column type=&#8221;2_5&#8243; _builder_version=&#8221;4.26.1&#8243; _module_preset=&#8221;default&#8221; global_colors_info=&#8221;{}&#8221;][et_pb_heading title=&#8221;QU\u00c9 ESPERAR COMO PARTICIPANTE&#8221; _builder_version=&#8221;4.27.6&#8243; _module_preset=&#8221;default&#8221; title_font=&#8221;&#8211;et_global_heading_font|900||on|||||&#8221; title_text_align=&#8221;center&#8221; title_text_color=&#8221;#FFFFFF&#8221; title_font_size=&#8221;40px&#8221; background_color=&#8221;RGBA(255,255,255,0)&#8221; width=&#8221;100%&#8221; custom_margin=&#8221;160px||||false|false&#8221; global_colors_info=&#8221;{}&#8221;][\/et_pb_heading][\/et_pb_column][et_pb_column type=&#8221;3_5&#8243; _builder_version=&#8221;4.26.1&#8243; _module_preset=&#8221;default&#8221; global_colors_info=&#8221;{}&#8221;][et_pb_accordion open_toggle_background_color=&#8221;#FFFFFF&#8221; closed_toggle_background_color=&#8221;#FFFFFF&#8221; icon_color=&#8221;gcid-heading-color&#8221; _builder_version=&#8221;4.27.6&#8243; _module_preset=&#8221;default&#8221; width=&#8221;87.2%&#8221; border_radii=&#8221;on|30px|30px|30px|30px&#8221; global_colors_info=&#8221;{%22gcid-heading-color%22:%91%22icon_color%22%93}&#8221;][et_pb_accordion_item title=&#8221;16 semanas de recolecci\u00f3n de datos&#8221; open=&#8221;on&#8221; _builder_version=&#8221;4.27.6&#8243; _module_preset=&#8221;default&#8221; global_colors_info=&#8221;{}&#8221;]<\/p>\n<p>Se instalar\u00e1n dispositivos de limpieza de aire y purificadores de aire port\u00e1tiles en su hogar durante aproximadamente 4\u20135 meses. El dispositivo de limpieza de aire se conecta a su sistema de calefacci\u00f3n central.<\/p>\n<p>[\/et_pb_accordion_item][et_pb_accordion_item title=&#8221;Bajo Impacto&#8221; _builder_version=&#8221;4.27.6&#8243; _module_preset=&#8221;default&#8221; global_colors_info=&#8221;{}&#8221; open=&#8221;off&#8221;]<\/p>\n<p>Los instrumentos para medir la calidad del aire y el funcionamiento del hogar estar\u00e1n dentro de la casa de forma fija durante el per\u00edodo experimental. Cada instrumento es m\u00e1s peque\u00f1o que una caja de s\u00e1ndwich.<\/p>\n<p>[\/et_pb_accordion_item][et_pb_accordion_item title=&#8221;Retroalimentaci\u00f3n durante el proceso&#8221; _builder_version=&#8221;4.27.6&#8243; _module_preset=&#8221;default&#8221; global_colors_info=&#8221;{}&#8221; open=&#8221;off&#8221;]<\/p>\n<p>Los participantes completar\u00e1n encuestas describiendo sus actitudes y experiencias.<\/p>\n<p>[\/et_pb_accordion_item][et_pb_accordion_item title=&#8221;Notificaciones de calidad del aire en tiempo real&#8221; _builder_version=&#8221;4.27.6&#8243; _module_preset=&#8221;default&#8221; global_colors_info=&#8221;{}&#8221; open=&#8221;off&#8221;]<\/p>\n<p>Durante parte del per\u00edodo de medici\u00f3n, los participantes ser\u00e1n notificados sobre la mala calidad del aire en el exterior. Pueden elegir responder a esta notificaci\u00f3n operando la tecnolog\u00eda o el purificador de aire. En otros momentos, el sistema mismo decidir\u00e1 cu\u00e1ndo operar la tecnolog\u00eda. Contaremos con un t\u00e9cnico en la comunidad para ayudar con cualquier problema. Este t\u00e9cnico tambi\u00e9n visitar\u00e1 cada hogar para cambiar las configuraciones aproximadamente cada dos semanas.<\/p>\n<p>[\/et_pb_accordion_item][\/et_pb_accordion][\/et_pb_column][\/et_pb_row][et_pb_row _builder_version=&#8221;4.26.1&#8243; _module_preset=&#8221;default&#8221; custom_margin=&#8221;41px||||false|false&#8221; custom_padding=&#8221;0px||||false|false&#8221; global_colors_info=&#8221;{}&#8221;][et_pb_column type=&#8221;4_4&#8243; _builder_version=&#8221;4.26.1&#8243; _module_preset=&#8221;default&#8221; global_colors_info=&#8221;{}&#8221;][et_pb_heading title=&#8221;LO QUE SIGNIFICA SU PARTICIPACI\u00d3N PARA USTED&#8221; _builder_version=&#8221;4.27.6&#8243; _module_preset=&#8221;default&#8221; title_font=&#8221;&#8211;et_global_heading_font|900||on|||||&#8221; title_text_align=&#8221;center&#8221; title_text_color=&#8221;#0000C5&#8243; title_font_size=&#8221;40px&#8221; background_color=&#8221;RGBA(255,255,255,0)&#8221; width=&#8221;100%&#8221; custom_padding=&#8221;|2px||||&#8221; global_colors_info=&#8221;{}&#8221;][\/et_pb_heading][\/et_pb_column][\/et_pb_row][et_pb_row column_structure=&#8221;1_3,1_3,1_3&#8243; _builder_version=&#8221;4.26.1&#8243; _module_preset=&#8221;default&#8221; global_colors_info=&#8221;{}&#8221;][et_pb_column type=&#8221;1_3&#8243; _builder_version=&#8221;4.26.1&#8243; _module_preset=&#8221;default&#8221; global_colors_info=&#8221;{}&#8221;][et_pb_icon font_icon=&#8221;&#xf4c0;||fa||900&#8243; icon_color=&#8221;#0000C5&#8243; icon_width=&#8221;70px&#8221; _builder_version=&#8221;4.27.4&#8243; _module_preset=&#8221;default&#8221; global_colors_info=&#8221;{}&#8221;][\/et_pb_icon][et_pb_text _builder_version=&#8221;4.27.6&#8243; _module_preset=&#8221;default&#8221; text_text_color=&#8221;#0000C5&#8243; text_orientation=&#8221;center&#8221; global_colors_info=&#8221;{}&#8221;]<\/p>\n<h3><span style=\"color: #333399;\"><strong><em data-start=\"208\" data-end=\"235\">\u201cGracias\u201d en tarjetas de regalo<\/em><\/strong><\/span><\/h3>\n<p><span style=\"color: #333399;\">Cada vez que un t\u00e9cnico visite su hogar, recibir\u00e1 una tarjeta de regalo como muestra de agradecimiento por su tiempo y esfuerzo.<\/span><\/p>\n<p>[\/et_pb_text][\/et_pb_column][et_pb_column type=&#8221;1_3&#8243; _builder_version=&#8221;4.26.1&#8243; _module_preset=&#8221;default&#8221; global_colors_info=&#8221;{}&#8221;][et_pb_icon font_icon=&#8221;&#xf015;||fa||900&#8243; icon_color=&#8221;#0000C5&#8243; icon_width=&#8221;70px&#8221; _builder_version=&#8221;4.27.4&#8243; _module_preset=&#8221;default&#8221; global_colors_info=&#8221;{}&#8221;][\/et_pb_icon][et_pb_text _builder_version=&#8221;4.27.6&#8243; _module_preset=&#8221;default&#8221; text_orientation=&#8221;center&#8221; global_colors_info=&#8221;{}&#8221;]<\/p>\n<h3><span style=\"color: #333399;\"><strong><em>Vea su hogar de una nueva manera<\/em><\/strong><\/span><\/h3>\n<p><span style=\"color: #333399;\">Aprender\u00e1 c\u00f3mo funcionan los dispositivos en su hogar y obtendr\u00e1 una visi\u00f3n m\u00e1s clara de la calidad del aire interior durante el estudio.<\/span><\/p>\n<p>[\/et_pb_text][\/et_pb_column][et_pb_column type=&#8221;1_3&#8243; _builder_version=&#8221;4.26.1&#8243; _module_preset=&#8221;default&#8221; global_colors_info=&#8221;{}&#8221;][et_pb_icon font_icon=&#8221;&#xe058;||divi||400&#8243; icon_color=&#8221;#0000C5&#8243; icon_width=&#8221;70px&#8221; _builder_version=&#8221;4.27.4&#8243; _module_preset=&#8221;default&#8221; global_colors_info=&#8221;{}&#8221;][\/et_pb_icon][et_pb_text _builder_version=&#8221;4.27.6&#8243; _module_preset=&#8221;default&#8221; text_text_color=&#8221;#0000C5&#8243; text_orientation=&#8221;center&#8221; global_colors_info=&#8221;{}&#8221;]<\/p>\n<div class=\"et_pb_text_inner\">\n<div data-shortcode-id=\"1.4.1.0-1721082436224\" data-quickaccess-editable=\"yes\" class=\"et-fb-popover-tinymce\">\n<div class=\"mce-content-body\" contenteditable=\"true\" style=\"position: relative;\" spellcheck=\"false\" aria-label=\"To enrich screen reader interactions, please activate Accessibility in Grammarly extension settings\">\n<h3><span style=\"color: #333399;\"><em><strong>Informaci\u00f3n \u00fatil para usted y su comunidad<\/strong><\/em><\/span><\/h3>\n<p><span style=\"color: #333399;\">Despu\u00e9s de algunos meses, recibir\u00e1 un informe que mostrar\u00e1 qu\u00e9 tan bien funcionaron los dispositivos y las notificaciones para mantener el aire interior limpio. Esta informaci\u00f3n tambi\u00e9n ayudar\u00e1 a otras familias en hogares como el suyo.<\/span><\/p>\n<\/div>\n<p><grammarly-extension data-grammarly-shadow-root=\"true\" style=\"position: absolute; top: 0px; left: 0px; pointer-events: none; z-index: auto; --rem: 16;\" class=\"dnXmp\"><\/grammarly-extension><grammarly-extension data-grammarly-shadow-root=\"true\" style=\"position: absolute; top: 0px; left: 0px; pointer-events: none; z-index: auto; --rem: 16;\" class=\"dnXmp\"><\/grammarly-extension><\/p>\n<\/div>\n<\/div>\n<p>[\/et_pb_text][\/et_pb_column][\/et_pb_row][et_pb_row _builder_version=&#8221;4.26.1&#8243; _module_preset=&#8221;default&#8221; width=&#8221;100%&#8221; max_width=&#8221;2560px&#8221; custom_margin=&#8221;||-28px||false|false&#8221; custom_padding=&#8221;|0px|26px|0px|false|false&#8221; global_colors_info=&#8221;{}&#8221;][et_pb_column type=&#8221;4_4&#8243; _builder_version=&#8221;4.26.1&#8243; _module_preset=&#8221;default&#8221; global_colors_info=&#8221;{}&#8221;][et_pb_cta title=&#8221;PARTICIPE EN NUESTRO ESTUDIO&#8221; button_url=&#8221;https:\/\/form.jotform.com\/260834221767156&#8243; button_text=&#8221;INSCR\u00cdBASE PARA PARTICIPAR&#8221; _builder_version=&#8221;4.27.6&#8243; _module_preset=&#8221;default&#8221; header_font=&#8221;|700|||||||&#8221; header_letter_spacing=&#8221;1px&#8221; body_font=&#8221;|600|||||||&#8221; background_color=&#8221;#1A5A14&#8243; custom_button=&#8221;on&#8221; button_text_color=&#8221;#FFFFFF&#8221; button_bg_color=&#8221;gcid-secondary-color&#8221; button_border_radius=&#8221;20px&#8221; button_font=&#8221;|700|||||||&#8221; width_tablet=&#8221;&#8221; width_phone=&#8221;&#8221; width_last_edited=&#8221;on|phone&#8221; custom_margin=&#8221;|||||false&#8221; custom_padding=&#8221;|251px||251px|false|true&#8221; custom_padding_tablet=&#8221;|247px||247px|false|true&#8221; custom_padding_phone=&#8221;|18px||18px|false|true&#8221; custom_padding_last_edited=&#8221;on|phone&#8221; hover_enabled=&#8221;0&#8243; global_colors_info=&#8221;{%22gcid-secondary-color%22:%91%22button_bg_color%22%93}&#8221; sticky_enabled=&#8221;0&#8243;]<\/p>\n<p data-start=\"118\" data-end=\"262\">Estamos buscando identificar hogares lo antes posible. Si est\u00e1 interesado en participar o conoce a alguien que pudiera estarlo, por favor h\u00e1ganoslo saber.<\/p>\n<p data-start=\"262\" data-end=\"348\">\u00bfTiene preguntas? Comun\u00edquese con nosotros en cualquier momento a: <span data-olk-copy-source=\"MessageBody\">engr-me_sapphires@Mail.colostate.edu<\/span><\/p>\n<p>&nbsp;<\/p>\n<p>[\/et_pb_cta][\/et_pb_column][\/et_pb_row][\/et_pb_section]<\/p>\n","protected":false},"excerpt":{"rendered":"<p>Investigadores de Colorado State University est\u00e1n explorando formas de mantener el aire limpio dentro de los hogares, especialmente cuando la calidad del aire exterior se ve afectada por el humo. Necesitamos su ayuda.ESTAMOS PROBANDO NUEVOS DISPOSITIVOS QUE AYUDAN A EVITAR QUE EL AIRE EXTERIOR DA\u00d1INO, COMO EL HUMO DE INCENDIOS FORESTALES, ENTRE A LOS HOGARES. [&hellip;]<\/p>\n","protected":false},"author":6,"featured_media":0,"parent":0,"menu_order":0,"comment_status":"closed","ping_status":"closed","template":"","meta":{"nf_dc_page":"","_et_pb_use_builder":"on","_et_pb_old_content":"","_et_gb_content_width":"","_monsterinsights_skip_tracking":false,"_monsterinsights_sitenote_active":false,"_monsterinsights_sitenote_note":"","_monsterinsights_sitenote_category":0,"footnotes":""},"class_list":["post-1532","page","type-page","status-publish","hentry"],"_links":{"self":[{"href":"https:\/\/humanenvironments.org\/sapphires\/wp-json\/wp\/v2\/pages\/1532","targetHints":{"allow":["GET"]}}],"collection":[{"href":"https:\/\/humanenvironments.org\/sapphires\/wp-json\/wp\/v2\/pages"}],"about":[{"href":"https:\/\/humanenvironments.org\/sapphires\/wp-json\/wp\/v2\/types\/page"}],"author":[{"embeddable":true,"href":"https:\/\/humanenvironments.org\/sapphires\/wp-json\/wp\/v2\/users\/6"}],"replies":[{"embeddable":true,"href":"https:\/\/humanenvironments.org\/sapphires\/wp-json\/wp\/v2\/comments?post=1532"}],"version-history":[{"count":5,"href":"https:\/\/humanenvironments.org\/sapphires\/wp-json\/wp\/v2\/pages\/1532\/revisions"}],"predecessor-version":[{"id":1558,"href":"https:\/\/humanenvironments.org\/sapphires\/wp-json\/wp\/v2\/pages\/1532\/revisions\/1558"}],"wp:attachment":[{"href":"https:\/\/humanenvironments.org\/sapphires\/wp-json\/wp\/v2\/media?parent=1532"}],"curies":[{"name":"wp","href":"https:\/\/api.w.org\/{rel}","templated":true}]}}